{"id":83,"date":"2025-12-19T15:51:05","date_gmt":"2025-12-19T14:51:05","guid":{"rendered":"https:\/\/praxis-echte.de\/arzt\/?page_id=83"},"modified":"2025-12-19T15:52:04","modified_gmt":"2025-12-19T14:52:04","slug":"hausarztvertrag","status":"publish","type":"page","link":"https:\/\/praxis-echte.de\/arzt\/hausarztvertrag\/","title":{"rendered":"Hausarztvertrag"},"content":{"rendered":"\n<p><strong>Hausarztzentrierte Versorgung<\/strong><\/p>\n\n\n\n<p>In Deutschland haben die meisten Patienten einen festen Hausarzt. Er stellt f\u00fcr viele Versicherte den ersten Ansprechpartner bei gesundheitlichen Problemen dar. Damit ist der Hausarzt pr\u00e4destiniert f\u00fcr seine Patienten eine Lotsenfunktion in unserem Gesundheitssystem zu \u00fcbernehmen. Patienten k\u00f6nnen sich freiwillig in ein Programm zur hausarztzentrierten Versorgung ihrer Krankenkasse einschreiben. Im Krankheitsfall sollten die Patienten nach M\u00f6glichkeit erst diesen gew\u00e4hlten Hausarzt aufsuchen, der sie im Bedarfsfall an einen Facharzt \u00fcberweisen kann. Augen- und Frauen\u00e4rzte k\u00f6nnen die Patienten weiterhin direkt konsultieren. Viele Programme erhalten auch besondere Serviceangebote f\u00fcr Versicherte. Beispiele hierf\u00fcr sind spezielle Vorsorgeuntersuchungen. Detaillierte Informationen \u00fcber die einzelnen Hausarztmodelle erhalten Versicherte bei ihrer jeweiligen Krankenkasse. Gerne w\u00fcrden wir diese Funktion f\u00fcr Sie \u00fcbernehmen und Ihre Versorgung auch \u00fcber die einzelnen Versorgungsebenen hinweg koordinieren, sprechen Sie uns gerne an. Derzeit nehmen wir an den Hausarztvertr\u00e4gen folgender Krankenkassen teil: AOK, DAK, Barmer, SVLGF und Pronova BKK .<\/p>\n","protected":false},"excerpt":{"rendered":"<p>Hausarztzentrierte Versorgung In Deutschland haben die meisten Patienten einen festen Hausarzt. Er stellt f\u00fcr viele Versicherte den ersten Ansprechpartner bei gesundheitlichen Problemen dar. Damit ist der Hausarzt pr\u00e4destiniert f\u00fcr seine Patienten eine Lotsenfunktion in unserem Gesundheitssystem zu \u00fcbernehmen. Patienten k\u00f6nnen sich freiwillig in ein Programm zur hausarztzentrierten Versorgung ihrer Krankenkasse einschreiben. Im Krankheitsfall sollten die [&hellip;]<\/p>\n","protected":false},"author":1,"featured_media":0,"parent":0,"menu_order":0,"comment_status":"closed","ping_status":"closed","template":"page-with-sidebar","meta":{"footnotes":""},"class_list":["post-83","page","type-page","status-publish","hentry"],"_links":{"self":[{"href":"https:\/\/praxis-echte.de\/arzt\/wp-json\/wp\/v2\/pages\/83","targetHints":{"allow":["GET"]}}],"collection":[{"href":"https:\/\/praxis-echte.de\/arzt\/wp-json\/wp\/v2\/pages"}],"about":[{"href":"https:\/\/praxis-echte.de\/arzt\/wp-json\/wp\/v2\/types\/page"}],"author":[{"embeddable":true,"href":"https:\/\/praxis-echte.de\/arzt\/wp-json\/wp\/v2\/users\/1"}],"replies":[{"embeddable":true,"href":"https:\/\/praxis-echte.de\/arzt\/wp-json\/wp\/v2\/comments?post=83"}],"version-history":[{"count":1,"href":"https:\/\/praxis-echte.de\/arzt\/wp-json\/wp\/v2\/pages\/83\/revisions"}],"predecessor-version":[{"id":84,"href":"https:\/\/praxis-echte.de\/arzt\/wp-json\/wp\/v2\/pages\/83\/revisions\/84"}],"wp:attachment":[{"href":"https:\/\/praxis-echte.de\/arzt\/wp-json\/wp\/v2\/media?parent=83"}],"curies":[{"name":"wp","href":"https:\/\/api.w.org\/{rel}","templated":true}]}}